alculate the remainder when 68 is divided by 40.
28
What is the remainder when 92 is divided by 16?
12
Calculate the remainder when 138 is divided by 35.
33
Calculate the remainder when 328 is divided by 67.
60
Calculate the remainder when 3301 is divided by 1094.
19
Calculate the remainder when 51 is divided by 27.
24
Calculate the remainder when 696 is divided by 14.
10
What is the remainder when 995 is divided by 483?
29
What is the remainder when 3973 is divided by 142?
139
Calculate the remainder when 31102 is divided by 12.
10
Calculate the remainder when 2782 is divided by 12.
10
What is the remainder when 209 is divided by 54?
47
Calculate the remainder when 1172 is divided by 69.
68
Calculate the remainder when 277 is divided by 28.
25
What is the remainder when 143 is divided by 10?
3
Calculate the remainder when 526 is divided by 8.
6
Calculate the remainder when 637 is divided by 29.
28
What is the remainder when 772 is divided by 61?
40
Calculate the remainder when 1014 is divided by 85.
79
What is the remainder when 189 is divided by 34?
19
Calculate the remainder when 147 is divided by 30.
27
Calculate the remainder when 436 is divided by 48.
4
What is the remainder when 2743 is divided by 9?
7
What is the remainder when 3373 is divided by 25?
23
Calculate the remainder when 83 is divided by 4.
3
What is the remainder when 351 is divided by 61?
46
Calculate the remainder when 1413 is divided by 18.
9
Calculate the remainder when 526 is divided by 121.
42
What is the remainder when 1765 is divided by 104?
101
What is the remainder when 726 is divided by 81?
78
What is the remainder when 287 is divided by 52?
27
Calculate the remainder when 2117 is divided by 2099.
18
Calculate the remainder when 41 is divided by 18.
5
Calculate the remainder when 4437 is divided by 48.
21
What is the remainder when 136 is divided by 21?
10
What is the remainder when 1525 is divided by 4?
1
What is the remainder when 789 is divided by 228?
105
What is the remainder when 7658 is divided by 10?
8
Calculate the remainder when 77 is divided by 59.
18
What is the remainder when 27 is divided by 11?
5
What is the remainder when 251 is divided by 17?
13
Calculate the remainder when 128 is divided by 39.
11
Calculate the remainder when 3316 is divided by 11.
5
What is the remainder when 1985 is divided by 57?
47
What is the remainder when 667 is divided by 134?
131
Calculate the remainder when 250 is divided by 9.
7
Calculate the remainder when 332 is divided by 42.
38
What is the remainder when 11655 is divided by 47?
46
Calculate the remainder when 48 is divided by 9.
3
Calculate the remainder when 597 is divided by 592.
5
Calculate the remainder when 169 is divided by 10.
9
Calculate the remainder when 1543 is divided by 513.
4
Calculate the remainder when 174 is divided by 104.
70
Calculate the remainder when 1385 is divided by 19.
17
What is the remainder when 477 is divided by 81?
72
Calculate the remainder when 19 is divided by 13.
6
What is the remainder when 140 is divided by 57?
26
What is the remainder when 1256 is divided by 321?
293
What is the remainder when 188 is divided by 27?
26
What is the remainder when 454 is divided by 17?
12
What is the remainder when 1748 is divided by 70?
68
What is the remainder when 359 is divided by 128?
103
What is the remainder when 2696 is divided by 18?
14
Calculate the remainder when 827 is divided by 190.
67
Calculate the remainder when 4197 is divided by 35.
32
What is the remainder when 684 is divided by 2?
0
Calculate the remainder when 443 is divided by 111.
110
Calculate the remainder when 14156 is divided by 9.
8
Calculate the remainder when 132 is divided by 30.
12
Calculate the remainder when 544 is divided by 13.
11
What is the remainder when 536 is divided by 263?
10
What is the remainder when 43 is divided by 23?
20
Calculate the remainder when 230 is divided by 8.
6
Calculate the remainder when 1585 is divided by 790.
5
Calculate the remainder when 630 is divided by 124.
10
Calculate the remainder when 429 is divided by 12.
9
Calculate the remainder when 1209 is divided by 7.
5
Calculate the remainder when 52 is divided by 9.
7
Calculate the remainder when 101 is divided by 26.
23
What is the remainder when 605 is divided by 45?
20
Calculate the remainder when 545 is divided by 152.
89
Calculate the remainder when 58 is divided by 26.
6
What is the remainder when 260 is divided by 133?
127
Calculate the remainder when 100 is divided by 51.
49
Calculate the remainder when 86 is divided by 37.
12
Calculate the remainder when 76 is divided by 6.
4
What is the remainder when 601 is divided by 188?
37
Calculate the remainder when 626 is divided by 150.
26
What is the remainder when 1315 is divided by 52?
15
Calculate the remainder when 741 is divided by 98.
55
Calculate the remainder when 741 is divided by 97.
62
Calculate the remainder when 243 is divided by 122.
121
Calculate the remainder when 596 is divided by 28.
8
Calculate the remainder when 427 is divided by 16.
11
Calculate the remainder when 56 is divided by 34.
22
Calculate the remainder when 5575 is divided by 39.
37
What is the remainder when 4507 is divided by 411?
397
What is the remainder when 34252 is divided by 17?
14
Calculate the remainder when 681 is divided by 31.
30
Calculate the remainder when 4281 is divided by 36.
33
What is the remainder when 847 is divided by 66?
55
Calculate the remainder when 171 is divided by 23.
10
Calculate the remainder when 138 is divided by 2.
0
Calculate the remainder when 712 is divided by 7.
5
What is the remainder when 311 is divided by 39?
38
What is the remainder when 205 is divided by 103?
102
Calculate the remainder when 328 is divided by 15.
13
What is the remainder when 110 is divided by 59?
51
What is the remainder when 549 is divided by 24?
21
Calculate the remainder when 977 is divided by 109.
105
What is the remainder when 24 is divided by 17?
7
What is the remainder when 118 is divided by 9?
1
What is the remainder when 124 is divided by 13?
7
Calculate the remainder when 315 is divided by 157.
1
What is the remainder when 676 is divided by 312?
52
Calculate the remainder when 105 is divided by 4.
1
Calculate the remainder when 680 is divided by 43.
35
What is the remainder when 45 is divided by 13?
6
Calculate the remainder when 677 is divided by 17.
14
What is the remainder when 682 is divided by 19?
17
What is the remainder when 492 is divided by 50?
42
Calculate the remainder when 806 is divided by 21.
8
Calculate the remainder when 3022 is divided by 9.
7
What is the remainder when 138 is divided by 38?
24
Calculate the remainder when 1873 is divided by 29.
17
Calculate the remainder when 163 is divided by 39.
7
Calculate the remainder when 28 is divided by 13.
2
Calculate the remainder when 248 is divided by 54.
32
What is the remainder when 8007 is divided by 229?
221
Calculate the remainder when 341 is divided by 54.
17
What is the remainder when 9330 is divided by 9?
6
Calculate the remainder when 28 is divided by 16.
12
Calculate the remainder when 235 is divided by 107.
21
What is the remainder when 193 is divided by 4?
1
What is the remainder when 159 is divided by 132?
27
Calculate the remainder when 2699 is divided by 84.
11
What is the remainder when 38 is divided by 5?
3
Calculate the remainder when 503 is divided by 84.
83
What is the remainder when 1859 is divided by 93?
92
What is the remainder when 182 is divided by 59?
5
What is the remainder when 88 is divided by 19?
12
Calculate the remainder when 642 is divided by 15.
12
What is the remainder when 194 is divided by 49?
47
What is the remainder when 96 is divided by 22?
8
What is the remainder when 964 is divided by 255?
199
What is the remainder when 5943 is divided by 119?
112
What is the remainder when 56460 is divided by 431?
430
Calculate the remainder when 314 is divided by 80.
74
What is the remainder when 45 is divided by 13?
6
What is the remainder when 3398 is divided by 11?
10
What is the remainder when 2756 is divided by 18?
2
Calculate the remainder when 479 is divided by 139.
62
What is the remainder when 1071 is divided by 521?
29
What is the remainder when 292 is divided by 62?
44
Calcula